- 4. Let x(r) = -6*a(r) + 17*o(r). Let l be x(-3). What is s(l)?
-6
Let c = -3 - -2. Let g(f) = 14*f**3 - 5*f**2 + f - 2. Let i(a) = -21*a**3 + 8*a**2 - 2*a + 3. Let o(v) = 8*g(v) + 5*i(v). Give o(c).
-6
Suppose f - 6*f - 25 = 0. Let d = f - -10. Let a(i) = -i**3 + 4*i**2 + 4*i + 2. What is a(d)?
-3
Let v = 19 + -16. Let j(o) be the first derivative of 1 - o + 3/2*o**2 - 4/3*o**v + 1/4*o**4. Give j(3).
-1
Suppose 3*y + 16 + 2 = 0. Let s(u) = u**3 + 5*u**2 - 7*u + 6. What is s(y)?
12
Let g(n) = -n + 4. Suppose 3*x + 27 = 4*i, -3*x + 3*i + 74 = -8*x. Let v = 17 + x. What is g(v)?
0
Let j(m) = 4*m**2 + m - 1. Suppose 0 = -f - 2*y + 1, -3 = -6*f + 3*f + 2*y. Suppose -a = -0*a - f. What is j(a)?
4
Let j(p) = p. Let q(h) = h**3 + 6*h**2 + 6*h. Suppose 2*i + 8 + 0 = 0. Let v be q(i). Let w = -13 + v. What is j(w)?
-5
Let m(s) = 8*s**3 - 6*s + 5*s**2 + 13*s**3 + 9*s**3 - 29*s**3 - 4. What is m(-6)?
-4
Let f be 2 + 1 + -2 + 3. Suppose -f*z + 5*z - 3 = 0. Suppose -z*c - 20 = -2*m - 9, 2*c + 2 = 0. Let h(s) = s - 9. What is h(m)?
-5
Suppose 0 = b - 5 + 3. Let l(o) = 4*o - 4 - o + 0*o**2 + o**b. Let x(d) = d + 5. Let y be x(-10). Give l(y).
6
Suppose -4*k - 7 = -19. Let s(t) = 9*t - 8. Let a(q) = -10*q + 9. Let g(x) = -5*a(x) - 6*s(x). Give g(k).
-9
Let q(g) = 6*g. Let b = 0 + 4. Suppose -i - 3*i = -b. Calculate q(i).
6
Let s(u) = -u**2 + 7*u - 1. Let t(p) = p**2 - 10*p + 19. Let j be t(8). What is s(j)?
11
Let p(q) = q**2 + 2*q + 3. Let f = 104 + -106. Determine p(f).
3
Let n(k) = k**3 + 6*k**2 + 4*k + 1. Let y(x) = -x**3 - 7*x**2 - 5*x - 1. Let a(z) = -3*n(z) - 2*y(z). What is a(-4)?
7
Let p(q) = 4*q - 2. Let k be 38/228 - ((-17)/6 + 1). What is p(k)?
6
Let p(r) = -r**3 + 4*r**2 + 4*r + 6. Let g(j) = 3*j**2 - j - 2. Let w be g(-1). Let x be (2/(-4))/(w/(-20)). Give p(x).
1
Let h(k) = k**3 - 5*k**2 + 3*k + 4. Suppose -5*l - 5 = -5*v - 0, 2*l + 5*v - 26 = 0. What is h(l)?
-5
Suppose 0 = -3*z + 4*z + 4*i + 14, -3*z + 14 = -2*i. Let k(g) = 3*g + 3*g**z - 3*g**2 + 2*g**2 - 2 - g**3. Let p = -2 + 5. Give k(p).
-2
Let x(t) = t**2 - t. Suppose -4*r - 16 = -5*o, -5*o - 5*r - 16 = -r. Determine x(o).
0
Let t(z) = -z**2 + 22. Suppose j = 2*j + j. Determine t(j).
22
Let v = 2 - -1. Let t = 13 - 9. Let n(h) = -h + 6 - 3*h**2 + 2*h**2 - t. What is n(v)?
-10
Suppose n - 5*z - 20 = 0, -3*n - 5*z - 40 = -0*z. Let j(b) = 6*b**2 + 79 + 7*b + b**3 - 22 - 26 - 24. What is j(n)?
-3
Let i(h) = h**2 + 13. Let m = 49 - 49. Calculate i(m).
13
Let c(d) = -d**3 - 5*d**2 - 6. Let k(s) = s**2 - 5*s - 11. Suppose 3*g - g = 12. Let m be k(g). Determine c(m).
-6
Let m(r) be the second derivative of -r**3/2 + r**2 - 49*r. What is m(-5)?
17
Suppose 0*r - r + 4 = 0. Suppose -6 + 2 = r*q. Let h(y) = 2*y - 1. Let a(b) = -b. Let u(w) = 4*a(w) - h(w). Determine u(q).
7
Let j = 7 + -11. Let t(k) be the third derivative of -k**5/30 - k**4/4 - k**3/2 - 5*k**2. What is t(j)?
-11
Let j(b) be the second derivative of -b**4/12 + 2*b**3/3 + 3*b**2/2 - b. Let v be (-4 - (-15)/4)*-12. Give j(v).
6
Suppose 4*j = -0*j + 8. Let p(q) = 1 + 1 + 4*q**j - q**3 - 3 - q + 5. Give p(4).
0
Let l = -79 - -69. Let s(u) = u**2 + 12*u + 11. Determine s(l).
-9
Let j(t) = t**3 + 6*t**2 - 3*t + 6. Let q(i) = i**3 + 7*i**2 - 3*i + 7. Let r(u) = 6*j(u) - 5*q(u). Give r(-3).
-8
Let l(s) be the third derivative of s**6/120 + s**5/20 - s**4/3 - 7*s**3/6 - s**2. Give l(-5).
-17
Let b(j) = 6*j + 6*j - 13*j - 4. Give b(4).
-8
Let i(l) be the third derivative of l**5/5 - l**4/24 - l**3/6 - 3*l**2. What is i(-1)?
12
Suppose -5*s = -3*l - 3*s + 25, 3*s = 3*l - 24. Let z(f) = -f**2 + 8*f + 1. Calculate z(l).
-8
Let i = 23 - 14. Suppose 2*y = -y + i. Let g(f) = -5*f + 1. Calculate g(y).
-14
Let w(y) = 3*y**3 - 1. Suppose 0 = -4*v + 4, 3*x = -v - 0*v + 10. Suppose -3 = -4*m + 3*m + p, -x*m + 2*p + 5 = 0. Calculate w(m).
-4
Let h(z) = -5*z + 17*z - 5*z - 1. Give h(1).
6
Let z = 7 - 4. Suppose 0*c = c - 2*t - 1, 0 = 3*c - z*t. Let j(u) be the third derivative of -u**4/2 - u**3/6 - u**2. Determine j(c).
11
Suppose 4*k + 1 = 9. Suppose -3*d - 5*z + 31 = 0, -1 = -k*d + 3*z - 12. Let q(x) = -2*x + 0*x - d*x. Give q(1).
-4
Let r(j) = -j**3 + 4*j**2 - 2*j - 2. Suppose 0*p + 12 = 6*p. Give r(p).
2
Let w(x) be the second derivative of x + 5/2*x**2 + 1/6*x**3 + 0. Let i be 4/(-18) + (-6)/(-27). Give w(i).
5
Suppose -4 = 5*t + k + 16, -4*t - 3*k = 5. Let g(v) = -3*v - 5. Determine g(t).
10
Let z(l) = 3*l**3 + l**3 - 6*l**3 + l**2 - 1 + l + 3*l**3. Give z(2).
13
Let t(a) = -4*a + 1. Let r be (-9 + 2)*14/(-49). Calculate t(r).
-7
Let r(x) = 3*x**3. Let w = -15 + 9. Let g be w/9*(-3)/(-2). Calculate r(g).
-3
Let i = 33 - 16. Let j = 25 - i. Let c = j - 5. Let t(m) = -m**3 + 3*m**2 + m + 1. Calculate t(c).
4
Let j(g) be the first derivative of -1/4*g**4 + 4/3*g**3 + 3*g**2 - 7*g - 1. Let u be (-3)/(26/(-10) - -2). Calculate j(u).
-2
Let t(b) be the third derivative of -b**6/120 - 7*b**5/60 - 7*b**4/24 - 4*b**3/3 + 9*b**2. What is t(-6)?
-2
Let c(i) = -i + 1. Let d = -1 + 1. Let q be 16/4*(1 + d). Calculate c(q).
-3
Let n(u) be the second derivative of u**7/2520 - u**5/60 - u**4/12 + 4*u. Let m(d) be the third derivative of n(d). Give m(3).
7
Let b(k) = 14*k - 7. Let p(d) = -d - 1. Let l(o) = -b(o) - 3*p(o). Let c(n) = 4*n - 3. Let f(w) = -8*c(w) - 3*l(w). Calculate f(-6).
-12
Let f = -4 - -6. Let g(c) = -c - 3*c**2 + 2 + 0*c**2 + f*c**2. Calculate g(2).
-4
Let l(n) = -8 - n**2 - 2*n + 7*n + 3*n + 0. Calculate l(7).
-1
Let o(j) = -74*j + 6 + 156*j + j**2 - 76*j. Calculate o(-4).
-2
Let y be 6/4 - (-1)/2. Let l(v) = -v - 1. Let t be l(-5). Let n(r) = 2*r - 6*r + t*r + 4*r. What is n(y)?
8
Let l(b) be the first derivative of b**5/24 + b**4/24 - 2*b**3/3 - 7. Let w(t) be the third derivative of l(t). What is w(-2)?
-9
Let u(z) = z + 7. Let f be u(-5). Let v(p) = -3*p**2 + 2*p + 2. Determine v(f).
-6
Let k(s) = 9*s**2 - 3*s - 9. Let v(g) = -4*g**2 + 2*g + 5. Let z(o) = 3*k(o) + 7*v(o). Let m(h) = -2*h**2 - 14*h - 5. Let r be m(-6). What is z(r)?
-6
Suppose -28 = -5*g - z, 5*g + 4*z = g + 32. Let v be (-3)/(3/g) + 0. Let o(h) = -2*h + 2. What is o(v)?
12
Let i(l) = 8*l - 2*l - 3*l + 5 - 2*l. What is i(-5)?
0
Let h(a) = 3*a**2 - 3*a + 5. Let k(y) = 4*y**2 - 3*y + 6. Let m(p) = 3*h(p) - 2*k(p). Let f(s) = -s**2 - 9*s - 6. Let u be f(-8). Calculate m(u).
1
Suppose k - 4*a = -25, -35 = 2*k + k - 4*a. Let n(d) = d**3 + 5*d**2 + 4. Determine n(k).
4
Let t be 36/(-10) + 8/(-20). Let h = t + 6. Let r(i) = i**2 - 4*i + 3. Calculate r(h).
-1
Let z(y) = -y. Let o(c) = c**3 + 8*c**2 + c + 4. Let w be o(-8). Let m = -9 - w. Determine z(m).
5
Let a(f) = 8*f - 9 - f - 8 + 0*f**2 + 5*f**2. Let r = -24 - -13. Let b(g) = 9*g**2 + 13*g - 33. Let i(q) = r*a(q) + 6*b(q). Determine i(0).
-11
Suppose -3*c + 2 = 4*d - 0*c, c = 4*d - 10. Let i(g) = d*g**2 + g**3 + 0 + 2 + 3*g**2 - 4*g. Give i(-6).
-10
Let z(j) = -2*j - 1. Let f = -13 - -12. Give z(f).
1
Suppose 0 = 3*y + n - 5, -8*y + 4*y = 3*n - 5. Let v(b) = b + b - y*b - 3*b + 2*b**2. Give v(3).
9
Suppose 3*d = 4 + 8. Let n(h) = 3 + d*h - 5 - 3*h. Determine n(6).
4
Suppose -1 - 5 = -2*j. Let f = j - 1. Let x(m) = -1 - f*m**2 + 6*m**3 + 2*m - 6*m + 2*m. What is x(-1)?
-7
Let t(l) = 5*l**2 + l + 1. Let v(q) = -q**2. Let z(x) = -t(x) - v(x). Let s(i) = 2*i + 3. Let o be s(-2). What is z(o)?
-4
Let h(a) = 3 + 7 - 11 + 7 - a. Calculate h(6).
0
Let l(c) = c - 8. Suppose -24*x - 35 = -29*x. Calculate l(x).
-1
Let z(j) = 6*j - 1. Let b(s) be the second derivative of s**4/3 + s**3/6 + s**2/2 - s. Let t be b(-1). Suppose 4*v - v + 7 = t*r, -v - 6 = -5*r. Give z(v).
-7
Let k(s) be the second derivative of -2*s**5/5 + s**4/12 + 2*s. Let h = -2 + 3. Give k(h).
-7
Let z(t) be the first derivative of -t**4/4 + 3*t**3 + 9*t**2/2 + 9*t - 7. Give z(10).
-1
Suppose -3*c = -4*d - 5*c - 24, -5*d - 3*c = 29. Let o = -7 - d. Suppose -3*s - 4*p - 14 = 0, -4*s - p + o = -3. Let a(m) = 3*m - 3. What is a(s)?
3
Suppose 2*o + 2 = 5*b, 2*b - 6 - 2 = -o. Suppose 0 = 3*n + o*d + 13, 2*n - 3*d + 10 = -6*d. Let w(j) = -j**2 + j. Calculate w(n).
0
Suppose 3*b + 35 = 4*n, -n = 2*n - b - 30. Suppose -n = 2*r + 5*a, -3*r - 6 = -0*r + 4*a. Let t be 4/r*(-5 - -4). Let q(o) = o**2 - 4*o - 3. Give q(t).
9
Let f = -2 + 10. Let b(u) = -u + 3. Let k be b(f). Let i(